{"id":186,"date":"2026-03-06T14:59:17","date_gmt":"2026-03-06T14:59:17","guid":{"rendered":"http:\/\/bokehemotions.fr\/?page_id=186"},"modified":"2026-03-11T08:44:06","modified_gmt":"2026-03-11T08:44:06","slug":"portrait-book-charme","status":"publish","type":"page","link":"https:\/\/bokehemotions.fr\/index.php\/portrait-book-charme\/","title":{"rendered":"Portrait \/ Book"},"content":{"rendered":"\n<p>Capturer l\u2019essence de qui vous \u00eates, dans un portrait qui vous ressemble.<\/p>\n\n\n\n<p>En studio ou en ext\u00e9rieur, dans des lieux qui vous inspirent ou qui r\u00e9v\u00e8lent une facette de votre personnalit\u00e9, je cr\u00e9e des images uniques, empreintes d\u2019\u00e9motion et de naturel. Que ce soit pour un book professionnel, un portrait artistique ou un moment de vie \u00e0 immortaliser, je mets mon regard, ma cr\u00e9ativit\u00e9 et mon expertise technique \u00e0 votre service.<\/p>\n\n\n\n<figure class=\"wp-block-gallery has-nested-images columns-default is-cropped wp-block-gallery-1 is-layout-flex wp-block-gallery-is-layout-flex\">\n<figure class=\"wp-block-image size-large\"><img alt=\"\" loading=\"lazy\" decoding=\"async\" width=\"1024\" height=\"683\" data-id=\"223\" src=\"http:\/\/bokehemotions.fr\/wp-content\/uploads\/2026\/03\/IMG_5247-2-1024x683.jpg\" alt=\"\" class=\"wp-image-223\" srcset=\"https:\/\/bokehemotions.fr\/wp-content\/uploads\/2026\/03\/IMG_5247-2-1024x683.jpg 1024w, https:\/\/bokehemotions.fr\/wp-content\/uploads\/2026\/03\/IMG_5247-2-300x200.jpg 300w, https:\/\/bokehemotions.fr\/wp-content\/uploads\/2026\/03\/IMG_5247-2-768x512.jpg 768w, https:\/\/bokehemotions.fr\/wp-content\/uploads\/2026\/03\/IMG_5247-2-1536x1024.jpg 1536w, https:\/\/bokehemotions.fr\/wp-content\/uploads\/2026\/03\/IMG_5247-2.jpg 2048w\" sizes=\"auto, (max-width: 767px) 89vw, (max-width: 1000px) 54vw, (max-width: 1071px) 543px, 580px\" \/><\/figure>\n\n\n\n<figure class=\"wp-block-image size-large\"><img alt=\"\" loading=\"lazy\" decoding=\"async\" width=\"683\" height=\"1024\" data-id=\"222\" src=\"http:\/\/bokehemotions.fr\/wp-content\/uploads\/2026\/03\/IMG_0936-683x1024.jpg\" alt=\"\" class=\"wp-image-222\" srcset=\"https:\/\/bokehemotions.fr\/wp-content\/uploads\/2026\/03\/IMG_0936-683x1024.jpg 683w, https:\/\/bokehemotions.fr\/wp-content\/uploads\/2026\/03\/IMG_0936-200x300.jpg 200w, https:\/\/bokehemotions.fr\/wp-content\/uploads\/2026\/03\/IMG_0936-768x1152.jpg 768w, https:\/\/bokehemotions.fr\/wp-content\/uploads\/2026\/03\/IMG_0936-1024x1536.jpg 1024w, https:\/\/bokehemotions.fr\/wp-content\/uploads\/2026\/03\/IMG_0936.jpg 1365w\" sizes=\"auto, (max-width: 683px) 100vw, 683px\" \/><\/figure>\n\n\n\n<figure class=\"wp-block-image size-large\"><img alt=\"\" loading=\"lazy\" decoding=\"async\" width=\"768\" height=\"1024\" data-id=\"220\" src=\"http:\/\/bokehemotions.fr\/wp-content\/uploads\/2026\/03\/IMG_0661-768x1024.jpg\" alt=\"\" class=\"wp-image-220\" srcset=\"https:\/\/bokehemotions.fr\/wp-content\/uploads\/2026\/03\/IMG_0661-768x1024.jpg 768w, https:\/\/bokehemotions.fr\/wp-content\/uploads\/2026\/03\/IMG_0661-225x300.jpg 225w, https:\/\/bokehemotions.fr\/wp-content\/uploads\/2026\/03\/IMG_0661-1152x1536.jpg 1152w, https:\/\/bokehemotions.fr\/wp-content\/uploads\/2026\/03\/IMG_0661.jpg 1536w\" sizes=\"auto, (max-width: 767px) 89vw, (max-width: 1000px) 54vw, (max-width: 1071px) 543px, 580px\" \/><\/figure>\n<\/figure>\n\n\n\n<figure class=\"wp-block-gallery has-nested-images columns-default is-cropped wp-block-gallery-2 is-layout-flex wp-block-gallery-is-layout-flex\">\n<figure class=\"wp-block-image size-large\"><img alt=\"\" loading=\"lazy\" decoding=\"async\" width=\"1024\" height=\"683\" data-id=\"341\" src=\"http:\/\/bokehemotions.fr\/wp-content\/uploads\/2026\/03\/MG_3767-1-1024x683.jpg\" alt=\"\" class=\"wp-image-341\" srcset=\"https:\/\/bokehemotions.fr\/wp-content\/uploads\/2026\/03\/MG_3767-1-1024x683.jpg 1024w, https:\/\/bokehemotions.fr\/wp-content\/uploads\/2026\/03\/MG_3767-1-300x200.jpg 300w, https:\/\/bokehemotions.fr\/wp-content\/uploads\/2026\/03\/MG_3767-1-768x512.jpg 768w, https:\/\/bokehemotions.fr\/wp-content\/uploads\/2026\/03\/MG_3767-1-1536x1024.jpg 1536w, https:\/\/bokehemotions.fr\/wp-content\/uploads\/2026\/03\/MG_3767-1-2048x1365.jpg 2048w\" sizes=\"auto, (max-width: 767px) 89vw, (max-width: 1000px) 54vw, (max-width: 1071px) 543px, 580px\" \/><\/figure>\n\n\n\n<figure class=\"wp-block-image size-large\"><img alt=\"\" loading=\"lazy\" decoding=\"async\" width=\"1024\" height=\"1024\" data-id=\"340\" src=\"http:\/\/bokehemotions.fr\/wp-content\/uploads\/2026\/03\/MG_8227-1-1024x1024.jpg\" alt=\"\" class=\"wp-image-340\" srcset=\"https:\/\/bokehemotions.fr\/wp-content\/uploads\/2026\/03\/MG_8227-1-1024x1024.jpg 1024w, https:\/\/bokehemotions.fr\/wp-content\/uploads\/2026\/03\/MG_8227-1-300x300.jpg 300w, https:\/\/bokehemotions.fr\/wp-content\/uploads\/2026\/03\/MG_8227-1-150x150.jpg 150w, https:\/\/bokehemotions.fr\/wp-content\/uploads\/2026\/03\/MG_8227-1-768x768.jpg 768w, https:\/\/bokehemotions.fr\/wp-content\/uploads\/2026\/03\/MG_8227-1-1536x1536.jpg 1536w, https:\/\/bokehemotions.fr\/wp-content\/uploads\/2026\/03\/MG_8227-1-100x100.jpg 100w, https:\/\/bokehemotions.fr\/wp-content\/uploads\/2026\/03\/MG_8227-1.jpg 1982w\" sizes=\"auto, (max-width: 767px) 89vw, (max-width: 1000px) 54vw, (max-width: 1071px) 543px, 580px\" \/><\/figure>\n\n\n\n<figure class=\"wp-block-image size-large\"><img alt=\"\" loading=\"lazy\" decoding=\"async\" width=\"768\" height=\"1024\" data-id=\"338\" src=\"http:\/\/bokehemotions.fr\/wp-content\/uploads\/2026\/03\/DSC01175-768x1024.jpg\" alt=\"\" class=\"wp-image-338\" srcset=\"https:\/\/bokehemotions.fr\/wp-content\/uploads\/2026\/03\/DSC01175-768x1024.jpg 768w, https:\/\/bokehemotions.fr\/wp-content\/uploads\/2026\/03\/DSC01175-225x300.jpg 225w, https:\/\/bokehemotions.fr\/wp-content\/uploads\/2026\/03\/DSC01175-1152x1536.jpg 1152w, https:\/\/bokehemotions.fr\/wp-content\/uploads\/2026\/03\/DSC01175.jpg 1536w\" sizes=\"auto, (max-width: 767px) 89vw, (max-width: 1000px) 54vw, (max-width: 1071px) 543px, 580px\" \/><\/figure>\n\n\n\n<figure class=\"wp-block-image size-large\"><img alt=\"\" loading=\"lazy\" decoding=\"async\" width=\"1024\" height=\"768\" data-id=\"344\" src=\"http:\/\/bokehemotions.fr\/wp-content\/uploads\/2026\/03\/F48A2934-1024x768.jpg\" alt=\"\" class=\"wp-image-344\" srcset=\"https:\/\/bokehemotions.fr\/wp-content\/uploads\/2026\/03\/F48A2934-1024x768.jpg 1024w, https:\/\/bokehemotions.fr\/wp-content\/uploads\/2026\/03\/F48A2934-300x225.jpg 300w, https:\/\/bokehemotions.fr\/wp-content\/uploads\/2026\/03\/F48A2934-768x576.jpg 768w, https:\/\/bokehemotions.fr\/wp-content\/uploads\/2026\/03\/F48A2934-1536x1152.jpg 1536w, https:\/\/bokehemotions.fr\/wp-content\/uploads\/2026\/03\/F48A2934.jpg 2048w\" sizes=\"auto, (max-width: 767px) 89vw, (max-width: 1000px) 54vw, (max-width: 1071px) 543px, 580px\" \/><\/figure>\n<\/figure>\n\n\n\n<figure class=\"wp-block-gallery has-nested-images columns-default is-cropped wp-block-gallery-3 is-layout-flex wp-block-gallery-is-layout-flex\">\n<figure class=\"wp-block-image size-large\"><img alt=\"\" loading=\"lazy\" decoding=\"async\" width=\"682\" height=\"1024\" data-id=\"363\" src=\"http:\/\/bokehemotions.fr\/wp-content\/uploads\/2026\/03\/79706892_1376378382544872_3774126112481738752_n-682x1024.jpg\" alt=\"\" class=\"wp-image-363\" srcset=\"https:\/\/bokehemotions.fr\/wp-content\/uploads\/2026\/03\/79706892_1376378382544872_3774126112481738752_n-682x1024.jpg 682w, https:\/\/bokehemotions.fr\/wp-content\/uploads\/2026\/03\/79706892_1376378382544872_3774126112481738752_n-200x300.jpg 200w, https:\/\/bokehemotions.fr\/wp-content\/uploads\/2026\/03\/79706892_1376378382544872_3774126112481738752_n-768x1153.jpg 768w, https:\/\/bokehemotions.fr\/wp-content\/uploads\/2026\/03\/79706892_1376378382544872_3774126112481738752_n-1023x1536.jpg 1023w, https:\/\/bokehemotions.fr\/wp-content\/uploads\/2026\/03\/79706892_1376378382544872_3774126112481738752_n.jpg 1066w\" sizes=\"auto, (max-width: 682px) 100vw, 682px\" \/><\/figure>\n\n\n\n<figure class=\"wp-block-image size-large\"><img alt=\"\" loading=\"lazy\" decoding=\"async\" width=\"1024\" height=\"1024\" data-id=\"421\" src=\"http:\/\/bokehemotions.fr\/wp-content\/uploads\/2026\/03\/430656269_3718224345114713_7216904842254331485_n-1024x1024.jpg\" alt=\"\" class=\"wp-image-421\" srcset=\"https:\/\/bokehemotions.fr\/wp-content\/uploads\/2026\/03\/430656269_3718224345114713_7216904842254331485_n-1024x1024.jpg 1024w, https:\/\/bokehemotions.fr\/wp-content\/uploads\/2026\/03\/430656269_3718224345114713_7216904842254331485_n-300x300.jpg 300w, https:\/\/bokehemotions.fr\/wp-content\/uploads\/2026\/03\/430656269_3718224345114713_7216904842254331485_n-150x150.jpg 150w, https:\/\/bokehemotions.fr\/wp-content\/uploads\/2026\/03\/430656269_3718224345114713_7216904842254331485_n-768x768.jpg 768w, https:\/\/bokehemotions.fr\/wp-content\/uploads\/2026\/03\/430656269_3718224345114713_7216904842254331485_n-100x100.jpg 100w, https:\/\/bokehemotions.fr\/wp-content\/uploads\/2026\/03\/430656269_3718224345114713_7216904842254331485_n.jpg 1440w\" sizes=\"auto, (max-width: 767px) 89vw, (max-width: 1000px) 54vw, (max-width: 1071px) 543px, 580px\" \/><\/figure>\n<\/figure>\n\n\n\n<figure class=\"wp-block-gallery has-nested-images columns-default is-cropped wp-block-gallery-4 is-layout-flex wp-block-gallery-is-layout-flex\">\n<figure class=\"wp-block-image size-large\"><img alt=\"\" loading=\"lazy\" decoding=\"async\" width=\"819\" height=\"1024\" data-id=\"375\" src=\"http:\/\/bokehemotions.fr\/wp-content\/uploads\/2026\/03\/412508361_1047071539837670_7197685011447543523_n-1-819x1024.jpg\" alt=\"\" class=\"wp-image-375\" srcset=\"https:\/\/bokehemotions.fr\/wp-content\/uploads\/2026\/03\/412508361_1047071539837670_7197685011447543523_n-1-819x1024.jpg 819w, https:\/\/bokehemotions.fr\/wp-content\/uploads\/2026\/03\/412508361_1047071539837670_7197685011447543523_n-1-240x300.jpg 240w, https:\/\/bokehemotions.fr\/wp-content\/uploads\/2026\/03\/412508361_1047071539837670_7197685011447543523_n-1-768x960.jpg 768w, https:\/\/bokehemotions.fr\/wp-content\/uploads\/2026\/03\/412508361_1047071539837670_7197685011447543523_n-1-1229x1536.jpg 1229w, https:\/\/bokehemotions.fr\/wp-content\/uploads\/2026\/03\/412508361_1047071539837670_7197685011447543523_n-1.jpg 1440w\" sizes=\"auto, (max-width: 767px) 89vw, (max-width: 1000px) 54vw, (max-width: 1071px) 543px, 580px\" \/><\/figure>\n\n\n\n<figure class=\"wp-block-image size-large\"><img alt=\"\" loading=\"lazy\" decoding=\"async\" width=\"768\" height=\"1024\" data-id=\"435\" src=\"http:\/\/bokehemotions.fr\/wp-content\/uploads\/2026\/03\/F48A4262-768x1024.jpg\" alt=\"\" class=\"wp-image-435\" srcset=\"https:\/\/bokehemotions.fr\/wp-content\/uploads\/2026\/03\/F48A4262-768x1024.jpg 768w, https:\/\/bokehemotions.fr\/wp-content\/uploads\/2026\/03\/F48A4262-225x300.jpg 225w, https:\/\/bokehemotions.fr\/wp-content\/uploads\/2026\/03\/F48A4262-1152x1536.jpg 1152w, https:\/\/bokehemotions.fr\/wp-content\/uploads\/2026\/03\/F48A4262.jpg 1536w\" sizes=\"auto, (max-width: 767px) 89vw, (max-width: 1000px) 54vw, (max-width: 1071px) 543px, 580px\" \/><\/figure>\n<\/figure>\n\n\n\n<figure class=\"wp-block-image size-large\"><img alt=\"\" loading=\"lazy\" decoding=\"async\" width=\"1024\" height=\"1024\" src=\"http:\/\/bokehemotions.fr\/wp-content\/uploads\/2026\/03\/435810583_386435214353811_4198111737006324112_n-1024x1024.jpg\" alt=\"\" class=\"wp-image-374\" srcset=\"https:\/\/bokehemotions.fr\/wp-content\/uploads\/2026\/03\/435810583_386435214353811_4198111737006324112_n-1024x1024.jpg 1024w, https:\/\/bokehemotions.fr\/wp-content\/uploads\/2026\/03\/435810583_386435214353811_4198111737006324112_n-300x300.jpg 300w, https:\/\/bokehemotions.fr\/wp-content\/uploads\/2026\/03\/435810583_386435214353811_4198111737006324112_n-150x150.jpg 150w, https:\/\/bokehemotions.fr\/wp-content\/uploads\/2026\/03\/435810583_386435214353811_4198111737006324112_n-768x768.jpg 768w, https:\/\/bokehemotions.fr\/wp-content\/uploads\/2026\/03\/435810583_386435214353811_4198111737006324112_n-100x100.jpg 100w, https:\/\/bokehemotions.fr\/wp-content\/uploads\/2026\/03\/435810583_386435214353811_4198111737006324112_n.jpg 1440w\" sizes=\"auto, (max-width: 767px) 89vw, (max-width: 1000px) 54vw, (max-width: 1071px) 543px, 580px\" \/><\/figure>\n","protected":false},"excerpt":{"rendered":"<p>Capturer l\u2019essence de qui vous \u00eates, dans un portrait qui vous ressemble. En studio ou en ext\u00e9rieur, dans des lieux qui vous inspirent ou qui r\u00e9v\u00e8lent une facette de votre personnalit\u00e9, je cr\u00e9e des images uniques, empreintes d\u2019\u00e9motion et de naturel. Que ce soit pour un book professionnel, un portrait artistique ou un moment de &hellip; <\/p>\n<p class=\"link-more\"><a href=\"https:\/\/bokehemotions.fr\/index.php\/portrait-book-charme\/\" class=\"more-link\">Continuer la lecture<span class=\"screen-reader-text\"> de &laquo;&nbsp;Portrait \/ Book&nbsp;&raquo;<\/span><\/a><\/p>\n","protected":false},"author":1,"featured_media":0,"parent":0,"menu_order":3,"comment_status":"closed","ping_status":"closed","template":"","meta":{"_seopress_robots_primary_cat":"","_seopress_titles_title":"","_seopress_titles_desc":"","_seopress_robots_index":"","_kadence_starter_templates_imported_post":false,"footnotes":""},"class_list":["post-186","page","type-page","status-publish","hentry"],"_links":{"self":[{"href":"https:\/\/bokehemotions.fr\/index.php\/wp-json\/wp\/v2\/pages\/186","targetHints":{"allow":["GET"]}}],"collection":[{"href":"https:\/\/bokehemotions.fr\/index.php\/wp-json\/wp\/v2\/pages"}],"about":[{"href":"https:\/\/bokehemotions.fr\/index.php\/wp-json\/wp\/v2\/types\/page"}],"author":[{"embeddable":true,"href":"https:\/\/bokehemotions.fr\/index.php\/wp-json\/wp\/v2\/users\/1"}],"replies":[{"embeddable":true,"href":"https:\/\/bokehemotions.fr\/index.php\/wp-json\/wp\/v2\/comments?post=186"}],"version-history":[{"count":14,"href":"https:\/\/bokehemotions.fr\/index.php\/wp-json\/wp\/v2\/pages\/186\/revisions"}],"predecessor-version":[{"id":437,"href":"https:\/\/bokehemotions.fr\/index.php\/wp-json\/wp\/v2\/pages\/186\/revisions\/437"}],"wp:attachment":[{"href":"https:\/\/bokehemotions.fr\/index.php\/wp-json\/wp\/v2\/media?parent=186"}],"curies":[{"name":"wp","href":"https:\/\/api.w.org\/{rel}","templated":true}]}}